e factors of x.
2, 11
Suppose 4 = 6*g - 2*g. Let d be -4*g/2 - -1. Let q(x) = -26*x**3 + x + 1. What are the prime factors of q(d)?
2, 13
Let c(a) = -2*a + 4. Let g(t) = -t - 1. Let f(o) = c(o) + 5*g(o). Suppose 50*v - 9 = 53*v. List the prime factors of f(v).
2, 5
Let s(v) = 205*v**2 - 8*v - 12. What are the prime factors of s(-3)?
3, 619
Suppose 3*g = 5*g - d - 11436, 3*d + 17154 = 3*g. List the prime factors of g.
2, 3, 953
Let p be 5/(-1) + 12 + -2. Suppose -241 = -4*h + 4*r - 33, -h = -p*r - 48. What are the prime factors of h?
53
Suppose 10*x + 4*z - 3048 = 6*x, -6*z + 3040 = 4*x. What are the prime factors of x?
2, 383
Suppose 0*b = -2*b + 4. Suppose 0 = -j + 2*j - b. Suppose u - 18 = -2*i, 3*u + 4*i = -j*u + 84. What are the prime factors of u?
2
List the prime factors of (-1)/(22/(-31214)) - 120/(-660).
3, 11, 43
Suppose 0 = -2*k - 3*k + 20. Let c be -2*1/k*-10. Suppose c*o + 93 = 3*s, 5*s + 2*o - 147 - 8 = 0. List the prime factors of s.
31
Let q(o) = -7*o**2 - 7. Let b(j) = 14*j**2 + j + 13. Let d(g) = 3*g - 3. Let h be d(2). Let i(v) = h*b(v) + 5*q(v). What are the prime factors of i(-2)?
2, 13
Let y be 5/(0 + (-4 - -5)). Suppose 0 = -7*u + 4*u + 2*r + 810, y*u - 1349 = 3*r. List the prime factors of u.
2, 67
Suppose 2*z - 12 = -0*z. Let u(x) = x**3 - 5*x**2 + 7*x + 7. List the prime factors of u(z).
5, 17
Let n(x) = x**3 - x**2 + 4. Let b be (-5)/(-20) + 2/(-8). Let a be n(b). Suppose 8 + 24 = a*k. What are the prime factors of k?
2
Let g = 374 - 70. List the prime factors of g.
2, 19
Let c(t) = -t**2 - 17*t + 11. Let v = -26 - -16. What are the prime factors of c(v)?
3
Let i be ((-1)/3)/((-1)/9). Suppose -o + 216 = i*o. List the prime factors of o.
2, 3
Let t = 13 - 56. Let l = 528 + -436. Let u = t + l. What are the prime factors of u?
7
Suppose -37*t + 395 = 3*f - 35*t, -2*t = -5*f + 669. List the prime factors of f.
7, 19
Let v be (0 + -2)/(6/(-3)). List the prime factors of ((-1068)/(-6))/((-3)/(-1) - v).
89
Suppose -4*w + 4*d + 1648 = 6*d, w - 4*d - 412 = 0. What are the prime factors of w?
2, 103
Let v(i) = i**3 + 4*i**2 + 4*i - 2. Let g be v(-4). What are the prime factors of 28/126 - 572/g?
2
Let l(o) = o + 4*o - 5 - 7*o + 8*o. What are the prime factors of l(3)?
13
Let l = -2235 + 3549. List the prime factors of l.
2, 3, 73
What are the prime factors of (-1)/(28/(-70) + (-1938)/(-4870))?
487
Let j(h) = 2*h + 3. Let y be j(0). Let x be (-1 + -2)/y*-4. Suppose 2*s + 9 = d + 3*s, x*d - 40 = -5*s. List the prime factors of d.
5
Suppose 4*a - f + 104 = a, 0 = -2*a - f - 66. Let i = 999 - 933. Let p = i + a. List the prime factors of p.
2
Let p be 18/2*6/(-18). What are the prime factors of (948/(-4))/p - 1?
2, 3, 13
What are the prime factors of 9 - 6 - 5/(25/(-2610))?
3, 5, 7
Let h be (-1*3)/(3/(-11)). Let q = h - -1. Let v = 9 + q. List the prime factors of v.
3, 7
Suppose -20 = -4*q + j, 8 = q + 5*j + 3. What are the prime factors of 7*q*(-27)/(-27)?
5, 7
What are the prime factors of 1158 - ((-60)/4)/3?
1163
What are the prime factors of 9 + ((-9)/(-3) - 6)?
2, 3
Suppose 0 = -32*i - 2812 + 58940. List the prime factors of i.
2, 877
Let u = 228 + -101. Suppose 4*o + o = -5*n + 760, o = 4*n + u. What are the prime factors of o?
3, 7
Let v = 20 + -3. Suppose 0 = -4*b - 2*h + 4, -2*b = b - 2*h - v. Suppose 12 = 2*t + 4*u, -2*t + 0*t = -5*u - b. List the prime factors of t.
2
Let o(u) = 0*u**3 + 2 + 0*u**3 - 2*u**3 + u**3 + 2*u. What are the prime factors of o(-2)?
2, 3
Suppose 4*a = -4*z - 8, -z + 6*z = -3*a. What are the prime factors of -2*z*-6 - 3?
3, 11
Let a = 4401 - 2614. What are the prime factors of a?
1787
Let a(u) = 25*u - 3. Let m be 6/(-8) - (-45)/12. List the prime factors of a(m).
2, 3
Let x(c) = c**3 + 11*c**2 + 8*c - 10. Let w be x(-9). Suppose -3*t + w = -7*t. Let u = 47 + t. What are the prime factors of u?
3
Suppose -2*i + 348 = 5*t - 636, 4*i - 1948 = -5*t. What are the prime factors of i?
2, 241
Suppose -4*q - 32 = -0*q. Let m be (-6 - -6) + -1 + 15. Let r = q + m. What are the prime factors of r?
2, 3
Let b(m) = -1260*m**3 - 2*m**2 + m + 3. List the prime factors of b(-1).
2, 3, 5, 7
Let w = 1476 - 355. List the prime factors of w.
19, 59
Let m(x) = -7 - x + 21*x - 8 + 17*x. What are the prime factors of m(3)?
2, 3
Let l(g) = -g**3 + 9*g**2 + 10*g + 3. Let u be l(10). Suppose -3*c - 5*j = 2*c - 560, -u*j = -5*c + 536. List the prime factors of c.
109
Let w = -210 + 214. Suppose 0 = -9*h + 4*h. Suppose -w*a = -h*a - 3*p - 60, 3*a - 45 = 4*p. What are the prime factors of a?
3, 5
Suppose -2*t + 16 = v, 4*t = 2*t + v + 20. Let j be 3*-1 + t + 3. Let c(o) = o**3 - 8*o**2 - 8*o + 4. What are the prime factors of c(j)?
13
Let x(v) = -v**3 + 7*v**2 - 3*v + 11. Let y = 52 - 46. List the prime factors of x(y).
29
Suppose -2*g = 8, -3*s - s + 3*g + 48 = 0. Let x be -3*(2 + (1 - 2)). Let f = s + x. List the prime factors of f.
2, 3
Suppose -166 - 179 = -3*q. Suppose q = 5*w - 5*f, -4*f = -4*w + w + 72. List the prime factors of w.
2, 5
Suppose -o = 3*y - 3*o - 47, -3*y - 4*o = -41. Suppose 3*i = -3*r + y, 4*r - 31 = -5*i + 5*r. What are the prime factors of i?
2, 3
Let s = 81 - 10. Let y = -40 + s. Suppose -4*b - y = -111. List the prime factors of b.
2, 5
Let a = -311 + 340. List the prime factors of a.
29
Let h = 52 - 42. Let s(j) = -j**3 + 11*j**2 + 4*j - 6. List the prime factors of s(h).
2, 67
Suppose 10 = 5*q - 3*q. Let i be (4 - 1) + -8 + 0 + 30. Suppose -2*r + q*f - 1 + i = 0, -20 = -4*r - 4*f. List the prime factors of r.
7
Let q = -1 - -4. Suppose q*n = -4*o - 3 + 13, o = 4*n - 7. Suppose -3*y = -2*p - 63 + n, 3*p - 32 = -2*y. List the prime factors of y.
19
Let i = 9 + -3. Suppose u = -3 - i. Let m = 15 + u. What are the prime factors of m?
2, 3
Let g(c) = -5*c**3 + 18*c**2 - 7*c + 39. Let o(x) = -2*x**3 + 9*x**2 - 3*x + 19. Let k(v) = -3*g(v) + 7*o(v). What are the prime factors of k(-9)?
2
Let n = 1 - 2. Let u be (-4 - -3)*19/n. Let z = u + -11. List the prime factors of z.
2
Let w(o) = o**3 + 17*o**2 - 22*o - 55. List the prime factors of w(-14).
29
Let c(o) = -o**2 + 12*o + 10. Suppose -4*d = 3*k - 36, 4*d + 7 = 19. Let j = 17 - k. What are the prime factors of c(j)?
37
Suppose -5*p + 7480 = -19*v + 24*v, 3*v = -3. List the prime factors of p.
3, 499
Let r = 5759 + -3705. List the prime factors of r.
2, 13, 79
Let d(a) = 2*a**3 - 9*a**2 - 8*a + 11. List the prime factors of d(7).
2, 5
List the prime factors of 3201/4 + 13/(-52).
2, 5
Let k(u) = -3*u - 12. Let r be k(-12). Suppose 2*o - 5*a + 21 = -0*a, 2*o + 4*a = r. List the prime factors of o.
2
Suppose 27*r + 690 = 22*r. Let t = r + 269. What are the prime factors of t?
131
Suppose 2*h - 3 = 5. Suppose -51 = h*p + 61. Let w = -8 - p. What are the prime factors of w?
2, 5
Suppose 6*w - 1311 = -435. List the prime factors of w.
2, 73
Let v be -2 - -4 - (3 + 1). Let t(w) be the third derivative of w**5/12 - w**4/24 - 2*w**2. What are the prime factors of t(v)?
2, 11
Let j(y) = 19*y**3 - 2*y**2 + 2*y + 2. Let f be j(2). Suppose 12 = 6*b - f. What are the prime factors of b?
3
Suppose 14*d - 4*v = 13*d + 598, -3*v - 2340 = -4*d. What are the prime factors of d?
2, 3, 97
Let h = 8 + -11. Let f be (-104)/(-12) + 2/6. List the prime factors of (-3)/f - 10/h.
3
Let r = 1183 + -1112. List the prime factors of r.
71
What are the prime factors of (1610/(-168) - (-3)/(-4))*-54?
2, 3, 31
Suppose -4*k = -k - 2223. Suppose -9*j = 4*j - k. List the prime factors of j.
3, 19
Let k be 4*3/12*10. Let m be (64/k)/(4/(-20)). Let i = m + 56. What are the prime factors of i?
2, 3
Let x = 1264 - 628. What are the prime factors of x?
2, 3, 53
Let w(h) = -164*h + 188. List the prime factors of w(-10).
2, 457
List the prime factors of ((-28)/6)/(2/(-54)).
2, 3, 7
Suppose 8 = 3*v - 1. Suppose -v*f = k - 2*k - 6, 2*k = 4*f - 6. What are the prime factors of f - (1 - (0 + 50))?
2, 13
Let s(h) = 2*h**3 + 7*h**2 - 2*h - 7. Let d(i) = 2*i**3 + 6*i**2 - i - 6. Let z(y) = -3*d(y) + 2*s(y). Let n = -19 + 16. What are the prime factors of z(n)?
5
Suppose 14 = k + k. Suppose h + k = 3*z - 0*z, 0 = 2*z - 6. Suppose 4*i + 2*w - 7*w - 71 = 0, -h*i + w = -31. What are the prime factors of i?
2, 7
Let z(l) = -l**2 - 15*l - 5. Let n(s) = s + 1. Let g(x) = 5*n(x) + z(x). Suppose -35 = 2*